ive of 1/4*j**4 + j**2 + 8*j + 0 - 2/3*j**3. Determine h(2).
6
Let d be 6/(-3) + (1 - 1). Let v(a) be the second derivative of -a**4/6 + a**2 + 129*a. Determine v(d).
-6
Let q(s) = -s**2 + 2*s - 2. Suppose 2*y + 10 = 0, 3*b - 2*y - 2*y = 50. Let r be 26/b + (-15)/25. Determine q(r).
-2
Let s(u) = u - 7*u - 2 + 3*u. What is s(-8)?
22
Let k(y) = 5*y**2 - 2*y - 3. Let l(t) = -t**3 + t**2 - 2*t - 1. Let q be l(1). Calculate k(q).
48
Let x = 54 - 58. Let t(c) = c**2 + 6*c + 2. What is t(x)?
-6
Let r be (-50)/(-20)*(-4)/(-5). Let i(a) = a**3 + 0*a - a + 2*a**r - 1 + a**2 + 3*a. Let g be (3/(-2))/(3/6). What is i(g)?
-7
Let u(r) = -r**3 + r**2 - r. Let v(q) = -q**2. Let z(a) = -u(a) - 6*v(a). Let g = 51 + -56. Calculate z(g).
-5
Let p(a) be the third derivative of a**7/2520 - a**6/180 - a**5/20 + 5*a**4/12 - 20*a**2. Let n(i) be the second derivative of p(i). What is n(5)?
-1
Let s(n) be the third derivative of n**6/120 - n**5/10 - n**4/24 + 2*n**3/3 - 179*n**2. Determine s(6).
-2
Let m(g) = g - 3. Let a = 76 + -70. Let z(u) = -u**3 + 6*u**2 + u + 2. Let l be z(a). What is m(l)?
5
Let q(t) = -3*t - 37. Let b = 263 - 278. What is q(b)?
8
Let x = 9 + -3. Let h = -19 - -17. Let v(c) = c**3 - 10*c**2 + 3. Let r(z) = -z**3 + 12*z**2 - 2. Let b(y) = h*r(y) - 3*v(y). Determine b(x).
-5
Suppose 2*y - 4*h - 20 = 0, 3*y - 35*h = -39*h + 20. Let o(c) = 2*c**2 - 16*c + 7. What is o(y)?
7
Let d(c) = -2*c**3 + 22*c**2 - 4*c + 43. Let x be d(11). Let p(h) = -2*h**2 + 2*h + 1. What is p(x)?
-3
Suppose -6*s + 8*s - 12 = 0. Let k(r) = -7*r**3 + 11*r**2 + 6*r - 13. Let h(p) = p**3 - p**2 + 1. Let w(u) = -6*h(u) - k(u). Calculate w(s).
7
Let k be 14/84 + 14/(-12). Let u(a) = 27*a + 1. Determine u(k).
-26
Let t(y) = y**2 - 3*y - 2. Let z = -39 + 40. Let s be (-3)/9*3 - z. Determine t(s).
8
Let t = 1136 - 1140. Let u(q) = -2*q. Calculate u(t).
8
Let x(q) = 2*q**3 - 3*q**2 + 2*q - 2. Let i(u) = u**3 - 2*u**2 + u - 1. Let o(s) = -5*i(s) + 2*x(s). What is o(2)?
7
Let h(p) = 3*p**2 - 35*p + 35. Let x(w) = -w**2 + 12*w - 12. Let i(o) = 7*o**2 - o. Let z be i(1). Let k(t) = z*h(t) + 17*x(t). Calculate k(6).
6
Suppose 15 = 40*r - 43*r. Let l(x) = -x**3 - 6*x**2 - 7*x - 3. What is l(r)?
7
Let v(i) = 4*i**2 - 5*i**2 - 13*i + 6*i + 20*i. Determine v(13).
0
Let s(r) be the first derivative of -r**4/4 - 7*r**3/3 + 4*r**2 - 9*r - 35. What is s(-8)?
-9
Let y(m) = m**3 - 6*m**2 - 6*m - 5. Let z(q) = -q**2 - 12*q - 13. Suppose 11*i + 40 = 7*i. Let k be z(i). What is y(k)?
2
Let m(x) = -3*x - 10. Let i = 47 - 41. Let v be (-2)/3*63/i. Calculate m(v).
11
Let b(n) = -5*n + 6. Let a = 5 + -11. Let t(h) be the third derivative of -7*h**4/12 + 17*h**3/6 + 11*h**2. Let q(z) = a*t(z) + 17*b(z). What is q(-3)?
3
Let x(d) = -9*d**2 + 4*d - 16. Let n(v) = 16*v**2 - 9*v + 30. Let w(c) = 4*n(c) + 7*x(c). Calculate w(4).
-8
Let c(m) be the first derivative of m**4/2 + m**3 + m**2 - 144. Let g be (-10)/6 - 6/18. What is c(g)?
-8
Suppose -5*n = -r - 14 + 39, -5*r + 41 = -4*n. Let c(u) = 8 - 9*u + 51*u**2 + 13*u - 4 - 52*u**2. Calculate c(r).
-1
Let s(d) = -3*d + 2. Let j be 690/92*-3*4/(-18). Let f = 6 + -4. Let m = j - f. Give s(m).
-7
Let c(j) = j - 6. Let u(a) = 5*a - 16. Let f be u(7). Suppose -23 = -5*t + v + v, -4*t + f = -v. Determine c(t).
-1
Let h(i) be the third derivative of -i**4/24 - i**3/6 + i**2. Let l = -119 + 114. Let p(d) = -4*d - 9. Let z(f) = l*h(f) + p(f). Calculate z(3).
-1
Let x = 34 + -25. Let r be ((-12)/(-10))/((-9)/(-30)). Let k(a) = 8*a - 2*a**2 - x + r*a**2 - 3*a**2. What is k(7)?
-2
Let b(t) = 4*t**2 - 2*t**2 + 0*t**2 - 1. Let z(k) = 2*k - 11. Let l be -3*(-1)/(-6)*-10. Let c be z(l). Determine b(c).
1
Let w(y) = 3*y - 1. Let o(n) = 8*n - 9. Let l(d) = -o(d) + 4*w(d). Give l(4).
21
Let a(y) = 3*y**3 - y**2 - 2*y + 1. Suppose 10 = -g + 3*g + 2*f, g = 5*f + 5. Let k = 7 - g. What is a(k)?
17
Suppose 94 = 8*l + 46. Let d(j) = j**3 - 6*j**2 - 2*j + 7. What is d(l)?
-5
Let o(f) be the second derivative of -f**5/20 - 5*f**4/12 + 5*f**3/6 + 3*f**2/2 + 20*f. Determine o(-6).
9
Suppose 10 = 2*y - 5*a + 4*a, -2*y - 4*a = 0. Let f(v) = v**3 - 3*v**2 - v - 1. What is f(y)?
11
Let c(i) = 17*i - 103. Let f(y) = 19*y - 104. Let o(g) = -4*c(g) + 3*f(g). Give o(9).
1
Suppose -5*x + 4*x + 5 = 0. Suppose -b - i - i - 36 = 0, x*b = -4*i - 162. Let r = b - -30. Let f(d) = -d - 4. Calculate f(r).
-4
Let m(k) = k**2 - 4*k - 5. Suppose 30*d - 35*d - 20 = 0. Determine m(d).
27
Let u be 5106/460 + 1/(-10). Let p(j) = -j**2 + 11*j + 1. Determine p(u).
1
Let k(q) = -q**2 - q - 1. Let x = -254 - -254. Determine k(x).
-1
Let d = -8 - -13. Let t(j) = 4*j - j**2 + 0*j**2 + 7*j - 7*j. Calculate t(d).
-5
Let d(j) = j**3 + 7*j**2 + 3*j - 7. Suppose -5*b = 10, 0*b = -3*o + b - 16. Give d(o).
11
Suppose 40*r - 10 = 50*r. Let c(l) = 8*l**3 - 3*l**2 + l + 2. Determine c(r).
-10
Let l be 4/32 - (75/(-40))/1. Let s be (-1 - 0 - 0)*0. Let o(t) = l*t + t + s*t. What is o(2)?
6
Let q(l) = 2*l - 21. Let v be q(11). Let s(a) = 9*a + 13*a - 6*a**2 - 20*a + a**3 + v + 0*a**3. Determine s(5).
-14
Let x(f) = 9*f**2 + 20 - 21*f**2 + 5*f**2 + 3*f + 6*f**2. Give x(6).
2
Let u(w) = w**2 - 6*w. Let c be u(5). Let z be 4/(-14) + (-138)/(-42). Let q(i) = -z + 6*i**2 - i**3 + 6*i + 2*i**3 - 2*i + i. Calculate q(c).
-3
Let i(m) = m**2 + 5*m - 5. Let p(b) = -7 - 9*b - 4*b**2 + 3*b**2 - 7 - 11. Let h be p(-5). Calculate i(h).
-5
Suppose 0 = 19*t - 45*t + 19*t. Let n(g) = g**3 + 3*g - 2*g - 6 + g**2 - 2. Calculate n(t).
-8
Suppose 14*f - 11*f - 6 = 0. Let m(w) = -w**2 + w**f + w - 13*w**3 - w**2 + 8 - 9. Determine m(1).
-14
Let p(l) = 3*l**3 + 5*l**2 - 1 - 4*l**2 - 2*l**3. Let u = 499 - 501. Determine p(u).
-5
Let l(a) = 7 + 1 + 2 + 2 - 16 - 5*a. Calculate l(-7).
31
Suppose 3*w - 3*h - 27 = 0, 2*w - 2*h - 13 = -h. Let t(z) = -z**2 + 3*z + 6. Let k be t(w). Let l(p) = k*p - 1 - 2 - 3. Give l(5).
4
Let v(u) = -44 - 2*u**2 - 6207*u + 6239*u + 7. What is v(15)?
-7
Let o(c) be the first derivative of -1/2*c**2 + 3*c + 6. Determine o(3).
0
Let m(g) = -6*g - 7. Let l(p) = 5*p + 7. Let z(q) = 4*l(q) + 3*m(q). Let v = -701 + 696. Give z(v).
-3
Let q(u) be the first derivative of u**2/2 - u - 2. Suppose 2*p + 2*n = 32 + 44, 5*p = -n + 174. Suppose 3*o + o = 2*r + p, -5*o + 45 = -3*r. Calculate q(o).
5
Let v(n) = -n. Let i(c) = -1 - 5 + c + 4*c + c**2 - 2. Let m be i(-7). Let g be (8/5)/(m/15). What is v(g)?
-4
Let y = 412 + -404. Let i(d) = d**2 - 8*d - 7. Calculate i(y).
-7
Let u(o) = o. Let f(m) = 11 - 7 - 5. Let h(y) = 3*f(y) + u(y). Give h(3).
0
Let p(b) = 7*b**3. Let j be p(1). Let v be 36/21 + 2/j. Let q(l) = -2*l - l**3 - 2*l**2 - l**v + 3*l - 2*l. Calculate q(-2).
-2
Let j be (10/(-3))/((-9)/27). Let v(p) = 0*p + j*p**3 + 4 + 3*p - 4*p - 9*p**3 + 4*p**2. Calculate v(-4).
8
Let g(s) = s**3 + s**2 - s - 4. Let m(j) = 10*j + 50. Let i be m(-5). Determine g(i).
-4
Let y(g) = -38*g**2 + 0 + 2 + 7*g + 41*g**2. Let w(f) = -7*f**2 - 15*f - 5. Let b(m) = -2*w(m) - 5*y(m). What is b(-3)?
6
Let x(y) = -7*y**3 - y**2 + 1. Let o(v) be the third derivative of -5*v**4/24 - 13*v**3/2 + 24*v**2. Let q be o(-8). Determine x(q).
-7
Let c(l) = -174*l**3 - 37*l**2 - 43*l - 52. Let f(p) = 55*p**3 + 12*p**2 + 14*p + 17. Let d(g) = 6*c(g) + 19*f(g). Determine d(-5).
-4
Let j(r) = r**3 - r**2 - r - 4. Suppose 38*l - 3*g + 6 = 35*l, -1 = g. Calculate j(l).
-37
Let u(b) = 5*b - 1. Let x(d) be the first derivative of -2*d**2 - 6*d - 2. Let z be x(-2). Determine u(z).
9
Let p(t) = 4*t**2 + 1. Let c be ((-6)/4)/(4/(-8)). Let u be 0/((-1)/1 + c). Let d be (u + -1)*(2 - 1). Determine p(d).
5
Let m(l) = -l**3 + l. Suppose -2*n = 3*a - 11 + 1, -4*a - 2 = -5*n. Calculate m(n).
-6
Let x(a) = a**3 - 9*a**2 - 5*a - 10. Suppose -7*q - 11 = -9*q - 3*p, -39 = -3*q + 3*p. Determine x(q).
40
Suppose 0 = 2*s + 7 - 1. Let j(p) be the second derivative of -p**4/12 - p**3/6 + 3*p**2/2 - 135*p. Give j(s).
-3
Let t(d) be the first derivative of d + 1/2*d**2 + 11. Determine t(3).
4
Let g(c) = 0*c**2 + 6*c**2 + 4*c**2 - 1 + 5 - 1 + c**3. Give g(-10).
3
Let c(j) = 1. Let v(x) = -x**3 - 6*x**2 - 5*x + 3. Let y(k) = -c(k) - v(k). Let m be 4/(-34) + (-8 - (-530)/170). What is y(m)?
-4
Let j(t) be the second derivative of 0 + 1/12*t**4 + 1/2*t**2 - 15*t + 0*t**3. Calculate j(-3).
10
Let